Let y be 2*(1 - 6/u). Let x(c) = c**3 + 4*c**2 - 7*c - 9. What is the units digit of x(y)?
9
Let j = 46357 + -31268. What is the ten thousands digit of j?
1
Let b(a) = a**3 - 27*a**2 - 14*a + 37. Let q(d) = 2*d**3 - 54*d**2 - 28*d + 75. Let w(i) = -13*b(i) + 6*q(i). What is the units digit of w(27)?
7
Let u be ((-3)/(-2))/((-854)/(-212) - 4). Suppose u*q = 58*q - 655. Suppose -2*s - q = -i, 2*i - 7*i + 4*s = -625. What is the tens digit of i?
2
Let z be (0 - 38)*((-9)/6 - -1). Suppose -4*f + 3*n = -z, 2*n = 3*f - 0*n - 13. What is the units digit of 71 - (f + 4 + -2)?
8
Let z(t) = 2903*t - 414. What is the ten thousands digit of z(5)?
1
Suppose -420 = -8*o + 5*o. Suppose 5*r + 2*i + 716 = -2*i, -r = 4*i + o. Let j = r + 230. What is the tens digit of j?
8
Let m(n) = -32*n**3 - 10*n**2 - 75*n - 617. What is the hundreds digit of m(-12)?
1
Suppose 16 - 1 = 5*p, -3*p - 56926 = -5*r. Suppose 23*b - r = 18582. What is the hundreds digit of b?
3
What is the thousands digit of 573/((21/1246)/(5/(-6 - -16)))?
6
Let z(m) = m**3 + 12*m**2 - 14*m + 26. Let u be z(-13). Let c = 30 - 39. Let w = u + c. What is the tens digit of w?
3
Suppose 0 = 5*b + 3*x - 317, -b - 6*x = -5*x - 63. Suppose -b*c + 54*c = -4370. What is the hundreds digit of c?
4
Suppose -3*x - 28 = -c, -5*c + x + 31 = -3*c. Suppose c*t - 5*t = -64. What is the tens digit of 66 + (-6)/t + 11/44?
6
Suppose 6598*n + 197344 = 6602*n. What is the tens digit of n?
3
Let x = 44 + -25. Let y(m) = m**3 - 5*m + 20*m + 20 - 3*m**2 - 17*m**2 + 10*m. What is the units digit of y(x)?
4
Let f(b) = 449*b**2 + 21*b - 2. Let v be f(2). Suppose 22*n - 13*n = v. What is the hundreds digit of n?
2
Let d(h) = 4*h**2 - 7. Let n(y) = -2 + 0 - y + 12 - 4*y. Let c be n(3). What is the units digit of d(c)?
3
Suppose 11*z - 12*z = -2*y + 40257, 0 = -2*y - 2*z + 40236. What is the ten thousands digit of y?
2
Let w be (0 + -3)/(-3) + (-3 - 1). What is the units digit of (w/12)/(2/(-8))*7?
7
Suppose 0 = 14*c + 6 - 76. Let b be (-3)/(-6)*-1*-6. Suppose b*z + 2*z - 125 = -c*l, -l = -3. What is the tens digit of z?
2
What is the hundreds digit of (-10)/40*1*10*(-65176)/20?
1
Let z(j) = 4*j**3 - 8*j**2 + 14*j + 126. What is the tens digit of z(25)?
7
Let f(t) = 6*t**3 - 4 + t**2 - 5*t**2 - 4*t**3 + 2*t**3 + 3*t. What is the tens digit of f(5)?
1
Let j(f) = 2*f**3 + 2*f**2 - 1. Let s be j(1). Suppose 0 = s*b + 2*b. Suppose 17*i - 13*i - 104 = b. What is the units digit of i?
6
Let h = 146 - 142. Suppose -2*b + 386 = 2*x, 5*x = -h*b + 3*b + 213. Let o = b + -103. What is the units digit of o?
5
Let o = 34 - 34. Suppose -3*p = 5*a - 547, -2*p + 7*p - a - 893 = o. What is the tens digit of p?
7
Let r(a) = -13*a - 34. Let n be r(15). Let k = n + 395. Let f = k - 57. What is the hundreds digit of f?
1
Let j = -744 + 1703. What is the units digit of j?
9
Suppose 0 = -a + 16*r + 16222, -3*a + 7176 = 3*r - 41541. What is the ten thousands digit of a?
1
Let o(x) = 35*x**3 - 16*x**2 - 7*x + 9. Let u be o(-7). What is the hundreds digit of (8/34)/2 - u/17?
7
Let q(l) be the first derivative of -8 + 1/4*l**4 + 1/3*l**3 + 72*l + 0*l**2. What is the tens digit of q(0)?
7
Suppose 0 = 34*o - 212230 - 51508. What is the hundreds digit of o?
7
Let d(b) = b**2 + 22*b - 65. Let q be d(-27). Suppose -q = -f + 13. What is the tens digit of f?
8
What is the thousands digit of 10/(-8) + (3693933/36)/29?
3
Let s(p) = -5*p**3 - 8*p**2 - 7*p - 52. What is the units digit of s(-9)?
8
What is the thousands digit of 15/20 - 870565/(-20)?
3
Let v be 2*1 + -1*(-2 - -79). Let y = 73 - 178. Let s = v - y. What is the units digit of s?
0
Let b be ((-7)/(-5) + -1)/((-2)/(-20)). Suppose -h = -3*a + 1349, 4*a + b*h = 3*a + 467. Suppose -o + 85 = l, 3*o + a - 83 = 4*l. What is the tens digit of l?
8
Let l = 15121 - 9660. What is the units digit of l?
1
Let c(k) = -2*k**3 - 9*k**2 + 12*k. Let u be c(-8). What is the units digit of (u - 15/(-3)) + 1?
8
Suppose -12*f - 5 = -3245. Suppose 6*u - f = -2*l + 2*u, -5*u + 405 = 3*l. What is the tens digit of l?
3
Let a = 28154 + -19346. What is the thousands digit of a?
8
Suppose 47*v - 8056 - 204666 = 0. What is the thousands digit of v?
4
Suppose -k + 2*z + 9237 = 0, -20*k + 5*z - 9244 = -21*k. What is the tens digit of k?
3
What is the thousands digit of (-10)/225 + 423188/180?
2
Suppose k - 6*k = -3690. Suppose 8*p - k = 582. What is the units digit of p?
5
Suppose -78*j + 5*u - 17033 = -82*j, j + 4*u = 4239. What is the thousands digit of j?
4
Suppose -336*q + 114531 = -347*q + 450922. What is the ten thousands digit of q?
3
Suppose -12 = -4*r - 0*r. What is the hundreds digit of (-545)/15*-3 + (4 - r)?
1
Suppose -180 = 29*a - 17*a. Let v(l) = -24*l - 111. What is the hundreds digit of v(a)?
2
Let d be -1 + (-2 - -1)/1 + 298. Let v be ((-12)/8)/((-3)/4). Suppose 5*s - l = 302, l + d = 5*s - v*l. What is the units digit of s?
1
Let x = 878 + -825. What is the units digit of (-1188)/121 + 10 + x/11?
5
Suppose 2*j + 8 = 0, 5*j = -60*v + 56*v + 108. Suppose 2*a - 42 = -0*a. Suppose 297 = -a*u + v*u. What is the units digit of u?
7
Let i(j) be the third derivative of j**6/120 - 19*j**5/30 + 47*j**4/24 - 6*j**3 + j**2 + 108*j. What is the hundreds digit of i(37)?
3
Suppose -30*n - 37*n + 454896 = 37*n. What is the thousands digit of n?
4
Let u = -88 - -95. What is the tens digit of (u + -4 + -4)/((-1)/12)?
1
Let f(h) = 52*h**2 - 1869*h + 136. What is the hundreds digit of f(43)?
9
Suppose 2*p + 2*p = 32. Let j = -5312 - -5310. What is the units digit of (65/100 + j/p)*5?
2
Let c(o) = 6*o**2 + 9*o - 10. Let d be c(25). Suppose 0 = -17*q + 6864 + d. What is the units digit of q?
7
Let s = 5 + 134. Let f = -3172 - -3166. What is the hundreds digit of (1 - 3) + s + f?
1
Let y = -31971 + 32566. What is the tens digit of y?
9
Let k = -92 + 96. Suppose -182 = -k*t + 334. What is the units digit of t?
9
Let v(a) = -a**3 + a**2 - 4*a + 12. Let l be v(0). Suppose l*d - 1784 - 6664 = 0. What is the tens digit of d?
0
Suppose 26*q - 29*q + 327 = 0. Suppose 4*z = c + c - 14, z = -1. Suppose c*b - 4*b = q. What is the tens digit of b?
0
Suppose -39728 = 4603*y - 4625*y + 57424. What is the tens digit of y?
1
Let o(i) = i**2 + 16*i + 15. Let f be o(-15). Suppose f = 4*z + 5*u - 1423, 4*z - 2075 = 4*u - 679. What is the hundreds digit of z?
3
Let x = -20 - -17. What is the tens digit of 469 - (x + 3 + 5)?
6
Let z(t) = -14*t**3 + 2*t**2 - 20*t - 15. Let f be z(-5). Suppose -4*y + 2*d + 3688 = 0, 3*y - d - 880 = f. What is the tens digit of y?
2
Let x = 9629 + -5488. What is the hundreds digit of x?
1
Let m be 128912/(-4 - -11) + -8. Suppose -6*b = -30*b + m. What is the tens digit of b?
6
Let d(f) = f**2 + 15*f + 56. Let g be d(-7). Suppose g = -7*u + 39 + 164. Suppose 4*j = -2*w + 720, -j - 4*w + u = -144. What is the tens digit of j?
8
Let j(q) be the second derivative of q**5/20 + 3*q**4/4 - q**3/2 - 6*q**2 - 50*q - 2. Let b = -10 - -2. What is the tens digit of j(b)?
7
Let u(q) = q**3 - 11*q**2 - 11*q - 10. Let p be u(12). Suppose 0 = p*l + 189 - 353. What is the units digit of l?
2
Let m(v) = -3*v**2 + 3*v + 127. Let n be m(0). Let t = -62 + 15. Let g = n + t. What is the units digit of g?
0
Let q(p) be the third derivative of -p**6/60 - 11*p**5/60 + 7*p**4/24 + 8*p**3/3 + 3*p**2 + 44. What is the units digit of q(-8)?
0
Let v(d) = -14*d**2 - 7*d + 97. Let p be v(-8). Let s = 1179 + p. What is the units digit of s?
6
Let w = 3891 + -2546. Suppose -5*d + 13 = -2, 0 = p + 3*d - 21. What is the tens digit of p/72 - (w/(-6))/5?
4
Let l(f) = -f**2 - 21*f - 30. Let p be l(-21). Let v be 3/(-2) - (-7065)/p. Let b = 365 + v. What is the tens digit of b?
2
Suppose 14186 = 2*g + 2*s, -9*s = -4*g - 4*s + 28390. What is the hundreds digit of g?
0
Let b(j) = -525*j + 7255. What is the hundreds digit of b(-15)?
1
Let q(k) = 9801*k - 634. What is the thousands digit of q(4)?
8
Let l(u) be the second derivative of -u**5/20 + u**4/12 - u**3/2 + 15*u. Let s be l(-2). What is the units digit of -2 - (1208/(-9) - (-4)/s)?
2
What is the hundreds digit of -13*7/273*(0 + -113817)?
9
Let p = -768 - -2085. Let b = p - 746. Suppose -b = -4*x - 123. What is the tens digit of x?
1
Suppose 0 = -x - 2*z + 9, -x - z + 3 + 4 = 0. Let t be 2/(-5) + 22/x. Suppose